ctors of m.
2, 5, 47
Let a be 2*1/4 + 55/(-10). What are the prime factors of ((-393)/(-20) - (-2)/a)*4?
7, 11
Let q(g) = 2*g**2 - 9*g + 17. Let u be q(8). Let a = u - 7. What are the prime factors of a?
2, 3, 11
Suppose -22 = 2*n - 94. Suppose -3*j + 4*i + 7 = 1, -4*j + 33 = 3*i. Suppose j*w + 0*w = n. What are the prime factors of w?
2, 3
Let w(h) = 69*h**2 + 22*h + 108. List the prime factors of w(-6).
2, 3, 5, 41
Suppose -41*p + 14650 = -13681. List the prime factors of p.
691
Suppose 0 = -3*t + 5*m + 2060, 0 = -3*t + 8*t - 4*m - 3416. What are the prime factors of t?
2, 5, 17
Let m(k) = -k - 1 + 4*k + 3*k**2 + 0*k**2 + 2. What are the prime factors of m(-6)?
7, 13
Suppose 3*n + 10*n - 34268 = 0. What are the prime factors of n?
2, 659
Let m(a) be the first derivative of a**4/4 - a**2 + 27*a - 20. List the prime factors of m(0).
3
Suppose 0 = -3*g - v + 13 + 17, -3*g + 4*v + 15 = 0. Suppose -2*h = -z + 2*h - 18, 3*z = 3*h - g. List the prime factors of -28*3/(-6)*z.
2, 7
Suppose 4*c = -3*q + 1047, -5*q + 7*c - 12*c = -1740. What are the prime factors of q?
3, 5, 23
Suppose 260 - 686 = -2*r. Suppose 957 - r = 8*s. List the prime factors of s.
3, 31
Let j(h) = 18*h - 57. Let s be j(-10). List the prime factors of (7 - (2 + 3))*s/(-6).
79
Suppose 3*c - 26 = -2*r, -20 = -0*c - 2*c - 4*r. What are the prime factors of ((-12)/24)/((-1)/c)?
2
Suppose -29 = 4*t + 7. Suppose 1 = -3*q - 5. What are the prime factors of 4 - (q - t) - -43?
2, 5
Let l(k) = -5 - 8*k + k**3 - 3*k + 10 - 2*k - 3*k**2. What are the prime factors of l(7)?
2, 5, 11
Let n = -78 - -281. Suppose -199*g = -n*g + 216. What are the prime factors of g?
2, 3
Let d(f) = -f**2 - 31*f + 45. Let m be d(-33). Let a(y) = -y**2 + 2. Let r be a(4). List the prime factors of 24/r*m/6.
2, 3
Let p(x) = x**3 + 13*x**2 - 18*x - 5. Let s(r) = 2*r**3 + 27*r**2 - 36*r - 10. Let m(l) = -5*p(l) + 2*s(l). What are the prime factors of m(-13)?
109
Let i(h) = 28*h - 26. Suppose -4*z + 5*f + 35 = 0, z + 2 = f + 10. What are the prime factors of i(z)?
2, 3, 19
What are the prime factors of ((-12)/(-15))/(20/64550)?
2, 1291
Let m(y) = y. Let w be m(6). Suppose 0 = -o + w*o - 80. What are the prime factors of o?
2
Suppose 4*w = w - 15, -4*v = -2*w - 358. Suppose -4 = -4*s, -s = -3*m - 4*s + v. List the prime factors of m.
2, 7
List the prime factors of ((-5)/(15/(-756)))/((-4)/(-14)).
2, 3, 7
Let d = -1335 + 2614. List the prime factors of d.
1279
Suppose 0 = h - 2*y - 138 - 145, -h + 258 = 3*y. What are the prime factors of h?
3, 7, 13
Let x = -139 - -62. Let f be 4/(-6) + (-230)/6. Let o = f - x. List the prime factors of o.
2, 19
Let m be 6 + (1 + -1)/(-8 - -5). Suppose -5*l - 13 = -7*d + 3*d, 4*l - m = -5*d. What are the prime factors of d?
2
Let y = 22 + -19. Suppose 4*g - 379 = -j, -y*g + j + 186 = -107. What are the prime factors of g?
2, 3
Let w(g) = 6*g**3 + 2*g - 2. Let b be w(1). Let o(d) = d**3 - 6*d**2 + 2*d - 3. Let r be o(b). Suppose -r*a = -6*a - 78. What are the prime factors of a?
2, 13
Let j(k) = -3*k - 30. Let y = -32 + 20. Let m be j(y). Suppose -m*d = -2*d - 136. List the prime factors of d.
2, 17
Let u(f) = -2*f**3 - 6*f - 79. List the prime factors of u(-13).
23, 191
List the prime factors of 568 + 2 - 164/(-41).
2, 7, 41
Let t(o) = -o**3 - 6*o**2. Let z be t(-6). Let r be -1*2 + z + 4. Suppose -2*s + i + 48 = 0, r*s - 64 = -i + 6*i. List the prime factors of s.
2, 11
Let m = -19 + 24. Let j(g) = -2*g + 9. Let f be j(m). List the prime factors of 2/(2 + f)*2.
2
Let l(q) = 134*q + 158. What are the prime factors of l(6)?
2, 13, 37
Let m(z) = -z**3 + 7*z**2 + 7*z + 13. Let y be m(8). Suppose y*f + 5*o = 470, -4*o = f - o - 96. What are the prime factors of f?
3, 31
Suppose -w + 4*n - 12 = 0, -3*w + 2*n + 8 = n. Let v be (w + -2 - 2)/(-1). Suppose 51 = -v*b + 3*b. What are the prime factors of b?
17
Let x be 255/(-11) - (-10)/55. Let w(o) = 2*o - 39. Let r be w(0). Let j = x - r. List the prime factors of j.
2
Suppose -22*j = -23*j + 299. List the prime factors of j.
13, 23
Let f be (3/(-2))/((-12)/40). Suppose f*n + 20 = -2*j + j, 3*n = -j - 10. List the prime factors of n + 2 - (-61 + 0).
2, 29
Let a(n) = -n**2 - 7*n - 8. Let w be a(-5). Let i(x) be the second derivative of 3*x**3/2 + x**2/2 + 5*x. What are the prime factors of i(w)?
19
Suppose 2*o - 16 = 5*u, 0 = -2*o + 3*u - 2*u. Let j(n) = -n + 26. Let f be j(3). Let t = f - o. List the prime factors of t.
5
Suppose 17*a - 3*h = 13*a + 9720, 9744 = 4*a + 3*h. What are the prime factors of a?
3, 811
Let s(t) = 61*t + 3945. What are the prime factors of s(0)?
3, 5, 263
Suppose -38*k = -31*k - 4312. What are the prime factors of k?
2, 7, 11
Let z(g) = -215*g - 1. Let j = -5 - -4. Let u be z(j). Suppose a - 2*x = 34, -8*a - x + u = -3*a. List the prime factors of a.
2, 3, 7
Suppose -3*g = -2*x + 4034, 8158 - 106 = 4*x + 2*g. List the prime factors of x.
2, 19, 53
Let d = 3095 + -1389. What are the prime factors of d?
2, 853
Suppose 3*l + 3282 = -75*j + 77*j, -8194 = -5*j + 2*l. List the prime factors of j.
2, 3, 7, 13
Suppose 3*b + n - 39 = -2*n, 4*b = 3*n + 66. Let a be (1/3)/((-5)/b). List the prime factors of 13*(1/a)/(-1).
13
Let g(r) = 8*r**2 + 5*r - 4. Let t(u) = 7*u**2 + 6*u - 3. Let i(d) = -5*g(d) + 6*t(d). List the prime factors of i(-8).
2, 3, 7
Suppose -11*w + 18*w - 6461 = 0. List the prime factors of w.
13, 71
Suppose 0 = 12*w + 89*w - 150288. What are the prime factors of w?
2, 3, 31
Let w(n) = -207*n + 23. Suppose b = 7*b + 18. Let g(f) = -26*f + 3. Let d(j) = b*w(j) + 23*g(j). What are the prime factors of d(2)?
2, 23
Let n(r) = r + 7. Let l be n(-2). Suppose 588 = 2*k + l*k. What are the prime factors of k?
2, 3, 7
Let k(r) = r**3 - 13*r**2 + 2*r - 1. Let f be k(13). Let u = -7 + f. Suppose -57 = -3*t + u. What are the prime factors of t?
5
Let c(l) = 33*l**2 - 12*l - 60. List the prime factors of c(-8).
2, 3, 179
Suppose -6 = -f - 2*f, -2*f = 5*g - 1129. Suppose 3*h = -0*h + g. What are the prime factors of h?
3, 5
Let k(d) = d**2 - 17*d - 17. Let q(g) = -g**2 + 18*g + 16. Let r(c) = 4*k(c) + 3*q(c). List the prime factors of r(21).
127
Let l = -26 + 28. Let w = 5 - l. Suppose 7*z - w*z - 100 = 0. List the prime factors of z.
5
Let r(u) = 291*u**3 + 2*u**2 - 2*u - 1. Let a be r(1). Let z = 528 - a. What are the prime factors of z?
2, 7, 17
List the prime factors of (-34 - -5)*(-6 - 7).
13, 29
Suppose -4418 = -4*y + 770. What are the prime factors of y?
1297
Suppose 21291 = 5*k + x, -2*x - 90 = -82. What are the prime factors of k?
4259
Let a(h) = h**3 - 6*h**2 + 2*h - 9. Let q be a(6). Let g be -2 - -4*45/6. Suppose -q*w = w - g. List the prime factors of w.
7
Let a(c) = -c**2 - 26*c - 20. What are the prime factors of a(-25)?
5
Let z(k) = 65*k + 5. List the prime factors of z(21).
2, 5, 137
Let j(h) be the third derivative of -2*h**4/3 + 2*h**3 - h**2. List the prime factors of j(-10).
2, 43
Suppose 0 = -2*l + l + 1. What are the prime factors of (-482)/(-8) - l*5/20?
2, 3, 5
Let o(y) be the second derivative of y**4/12 - y**3/2 - 2*y**2 - 6*y. Let u be o(4). Suppose 3*n = f - u + 3, 2*n - f - 1 = 0. List the prime factors of n.
2
Let n(q) = 23*q**2 - 8*q - 24. What are the prime factors of n(-4)?
2, 47
Let s = 80 - 42. Let r = s + -20. What are the prime factors of 1084/r + (-12)/54?
2, 3, 5
Let s = 300 + -111. What are the prime factors of s?
3, 7
Suppose -18384 = -195*s + 179*s. List the prime factors of s.
3, 383
Let s(y) = -y**3 - y**2 + y - 10. Let w be s(0). Let v = w + 34. Suppose 39 = i + 5*f - v, 0 = 3*f - 3. List the prime factors of i.
2, 29
Suppose 0 = 5*o - 4*i + 38 - 498, 0 = -3*o + 4*i + 268. Suppose -4*t + 52 + o = 0. What are the prime factors of t?
37
Let y be ((-21)/(-6))/(1/(-6)). Let x = y - -12. List the prime factors of 2/3 - 129/x.
3, 5
Let b(l) = 7*l**3 - 14*l**2 + 2*l - 3. Let q(j) = -13*j**3 + 27*j**2 - 4*j + 5. Let i(k) = 11*b(k) + 6*q(k). List the prime factors of i(6).
3, 19
Suppose -6*i + 7*i - 8 = 0. What are the prime factors of 648/(-5 + i) + 4?
2, 5, 11
Let w = -15 - -7. Let o be w*2/(-28)*7. Suppose 3*p + 3*j - 58 = -j, 0 = o*p - j - 109. List the prime factors of p.
2, 13
Let z = -228 - -516. What are the prime factors of z?
2, 3
Let k = -29 - -2. Let h = k - -29. What are t